{"id":219,"date":"2015-12-31T12:10:23","date_gmt":"2015-12-31T17:10:23","guid":{"rendered":"http:\/\/www.jardinsdumondrain.com\/?page_id=219"},"modified":"2021-01-18T11:19:15","modified_gmt":"2021-01-18T16:19:15","slug":"annee-2015","status":"publish","type":"page","link":"https:\/\/lesjardinsdumondrain.com\/?page_id=219","title":{"rendered":"Ann\u00e9e 2015"},"content":{"rendered":"<p class=\"western\" lang=\"fr-CA\"><span style=\"color: #800000; font-size: medium;\"><strong>Le 11 novembre 2015<\/strong> <\/span><\/p>\n<p style=\"text-align: justify;\"><span style=\"font-size: medium;\"><b>Tenue d\u2019une assembl\u00e9e g\u00e9n\u00e9rale extraordinaire des <\/b><i><b>Jardins du Mondrain<\/b><\/i><\/span><\/p>\n<p style=\"text-align: justify;\"><span style=\"font-size: medium;\"><span style=\"color: #000000;\"><i><\/i><span lang=\"fr-CA\">On y prend la d\u00e9cision de demander l\u2019accord de l\u2019entrepreneur sur un report jusqu\u2019au 1<\/span><sup><span lang=\"fr-CA\"><span style=\"font-size: small;\">e<\/span><\/span><\/sup><span lang=\"fr-CA\"> mai 2016 de la date de transfert des titres de propri\u00e9t\u00e9, question de donner au bureau de direction le temps d\u2019instrumenter et d\u2019effectuer le recrutement de nouveaux membres afin de contrer l\u2019accroissement des d\u00e9penses inh\u00e9rentes au nouveau statut de propri\u00e9taire par un accroissement des revenus de cotisations.<\/span><\/span><\/span><\/p>\n<p><a href=\"https:\/\/www.lesjardinsdumondrain.com\/wp-content\/uploads\/2015\/12\/Plusieurs-membres-des-Jardins-du-Mondrain.jpg\" rel=\"attachment wp-att-180\"><img loading=\"lazy\" decoding=\"async\" class=\"aligncenter wp-image-180 size-full\" src=\"https:\/\/lesjardinsdumondrain.com\/wp-content\/uploads\/2015\/12\/Plusieurs-membres-des-Jardins-du-Mondrain.jpg\" alt=\"Plusieurs membres des Jardins du Mondrain\" width=\"1236\" height=\"677\" \/><\/a><\/p>\n<p class=\"western\" lang=\"fr-CA\">Au programme de cette assembl\u00e9e, il fallait notamment d\u00e9cider du moment le plus propice pour l\u2019acquisition officielle des titres de propri\u00e9t\u00e9 du vaste site de 22 ha actuellement d\u00e9tenu par la firme <i><span style=\"color: #000000;\">Claveau Concassage et Granulats lt\u00e9e <\/span><\/i>dans la municipalit\u00e9 de Saint-Anaclet-de-Lessard. Il a donc \u00e9t\u00e9 d\u00e9cid\u00e9 que telle acquisition serait effective au plus tard le 1<sup><span style=\"color: #000000;\">er<\/span><\/sup> mai 2016.<\/p>\n<p class=\"western\" lang=\"fr-CA\">\u00c9galement, en cours de r\u00e9union, il y a eu l\u2019adoption enthousiaste d\u2019un projet de logo qui repr\u00e9sente bien l\u2019ambition des <em><span style=\"color: #000000;\">Jardins du <\/span><\/em><em>Mondrain<\/em> et qui sera bient\u00f4t d\u00e9voil\u00e9 en page d\u2019accueil de notre site internet.<\/p>\n<p class=\"western\" lang=\"fr-CA\"><strong><span style=\"color: #000000; font-size: medium;\">D\u00e9cembre 2015<\/span><\/strong><\/p>\n<p class=\"western\" lang=\"fr-CA\"><span style=\"color: #000000;\">Signature officielle de la <\/span><u><b>prolongation jusqu\u2019au 1<\/b><\/u><sup><u><b><span style=\"font-size: small;\">e<\/span><\/b><\/u><\/sup><u><b> mai 2016<\/b><\/u><span style=\"color: #000000;\"> de l\u2019entente en vigueur.<\/span><\/p>\n","protected":false},"excerpt":{"rendered":"<p>Le 11 novembre 2015 Tenue d\u2019une assembl\u00e9e g\u00e9n\u00e9rale extraordinaire des Jardins du Mondrain On y prend la d\u00e9cision de demander l\u2019accord de l\u2019entrepreneur sur un report jusqu\u2019au 1e mai 2016 de la date de transfert des titres de propri\u00e9t\u00e9, question &hellip; <a href=\"https:\/\/lesjardinsdumondrain.com\/?page_id=219\">Continuer la lecture <span class=\"meta-nav\">&rarr;<\/span><\/a><\/p>\n","protected":false},"author":1,"featured_media":0,"parent":216,"menu_order":0,"comment_status":"closed","ping_status":"closed","template":"","meta":{"footnotes":""},"class_list":["post-219","page","type-page","status-publish","hentry"],"jetpack_sharing_enabled":true,"_links":{"self":[{"href":"https:\/\/lesjardinsdumondrain.com\/index.php?rest_route=\/wp\/v2\/pages\/219","targetHints":{"allow":["GET"]}}],"collection":[{"href":"https:\/\/lesjardinsdumondrain.com\/index.php?rest_route=\/wp\/v2\/pages"}],"about":[{"href":"https:\/\/lesjardinsdumondrain.com\/index.php?rest_route=\/wp\/v2\/types\/page"}],"author":[{"embeddable":true,"href":"https:\/\/lesjardinsdumondrain.com\/index.php?rest_route=\/wp\/v2\/users\/1"}],"replies":[{"embeddable":true,"href":"https:\/\/lesjardinsdumondrain.com\/index.php?rest_route=%2Fwp%2Fv2%2Fcomments&post=219"}],"version-history":[{"count":7,"href":"https:\/\/lesjardinsdumondrain.com\/index.php?rest_route=\/wp\/v2\/pages\/219\/revisions"}],"predecessor-version":[{"id":1735,"href":"https:\/\/lesjardinsdumondrain.com\/index.php?rest_route=\/wp\/v2\/pages\/219\/revisions\/1735"}],"up":[{"embeddable":true,"href":"https:\/\/lesjardinsdumondrain.com\/index.php?rest_route=\/wp\/v2\/pages\/216"}],"wp:attachment":[{"href":"https:\/\/lesjardinsdumondrain.com\/index.php?rest_route=%2Fwp%2Fv2%2Fmedia&parent=219"}],"curies":[{"name":"wp","href":"https:\/\/api.w.org\/{rel}","templated":true}]}}

Année 2015

<p class="western" lang="fr-CA"><span style="color: #800000; font-size: medium;"><strong>Le 11 novembre 2015</strong> </span></p>
<p style="text-align: justify;"><span style="font-size: medium;"><b>Tenue d’une assemblée générale extraordinaire des </b><i><b>Jardins du Mondrain</b></i></span></p>
<p style="text-align: justify;"><span style="font-size: medium;"><span style="color: #000000;"><i></i><span lang="fr-CA">On y prend la décision de demander l’accord de l’entrepreneur sur un report jusqu’au 1</span><sup><span lang="fr-CA"><span style="font-size: small;">e</span></span></sup><span lang="fr-CA"> mai 2016 de la date de transfert des titres de propriété, question de donner au bureau de direction le temps d’instrumenter et d’effectuer le recrutement de nouveaux membres afin de contrer l’accroissement des dépenses inhérentes au nouveau statut de propriétaire par un accroissement des revenus de cotisations.</span></span></span></p>
<p><a href="https://www.lesjardinsdumondrain.com/wp-content/uploads/2015/12/Plusieurs-membres-des-Jardins-du-Mondrain.jpg" rel="attachment wp-att-180"><img loading="lazy" decoding="async" class="aligncenter wp-image-180 size-full" src="https://lesjardinsdumondrain.com/wp-content/uploads/2015/12/Plusieurs-membres-des-Jardins-du-Mondrain.jpg" alt="Plusieurs membres des Jardins du Mondrain" width="1236" height="677" /></a></p>
<p class="western" lang="fr-CA">Au programme de cette assemblée, il fallait notamment décider du moment le plus propice pour l’acquisition officielle des titres de propriété du vaste site de 22 ha actuellement détenu par la firme <i><span style="color: #000000;">Claveau Concassage et Granulats ltée </span></i>dans la municipalité de Saint-Anaclet-de-Lessard. Il a donc été décidé que telle acquisition serait effective au plus tard le 1<sup><span style="color: #000000;">er</span></sup> mai 2016.</p>
<p class="western" lang="fr-CA">Également, en cours de réunion, il y a eu l’adoption enthousiaste d’un projet de logo qui représente bien l’ambition des <em><span style="color: #000000;">Jardins du </span></em><em>Mondrain</em> et qui sera bientôt dévoilé en page d’accueil de notre site internet.</p>
<p class="western" lang="fr-CA"><strong><span style="color: #000000; font-size: medium;">Décembre 2015</span></strong></p>
<p class="western" lang="fr-CA"><span style="color: #000000;">Signature officielle de la </span><u><b>prolongation jusqu’au 1</b></u><sup><u><b><span style="font-size: small;">e</span></b></u></sup><u><b> mai 2016</b></u><span style="color: #000000;"> de l’entente en vigueur.</span></p>

<p>Le 11 novembre 2015 Tenue d’une assemblée générale extraordinaire des Jardins du Mondrain On y prend la décision de demander l’accord de l’entrepreneur sur un report jusqu’au 1e mai 2016 de la date de transfert des titres de propriété, question &hellip; <a href="https://lesjardinsdumondrain.com/?page_id=219">Continuer la lecture <span class="meta-nav">&rarr;</span></a></p>
