{"id":144,"date":"2015-12-11T16:27:04","date_gmt":"2015-12-11T21:27:04","guid":{"rendered":"http:\/\/www.jardinsdumondrain.com\/?page_id=144"},"modified":"2021-01-18T11:17:21","modified_gmt":"2021-01-18T16:17:21","slug":"galerie-7","status":"publish","type":"page","link":"https:\/\/lesjardinsdumondrain.com\/?page_id=144","title":{"rendered":"Album souvenirs"},"content":{"rendered":"<p><span style=\"color: #000000;\"><strong><span style=\"font-size: large;\">Visite\u00a0du futur site <\/span><span style=\"font-family: Verdana;\"><span style=\"font-size: large;\"><span lang=\"fr-CA\">des Jardins du Mondrain<\/span><\/span><\/span><\/strong><\/span><\/p>\n<p class=\"western\" lang=\"fr-CA\">C&rsquo;est bien connu,\u00a0pour qu\u2019un projet devienne r\u00e9alit\u00e9, il faut\u00a0 :<\/p>\n<ul>\n<li>\n<p class=\"western\" lang=\"fr-CA\">d&rsquo;abord commencer par lui faire une vraie place dans nos r\u00eaves,<\/p>\n<\/li>\n<li>\n<p class=\"western\" lang=\"fr-CA\">puis l\u2019arroser de notre optimisme aussi souvent que n\u00e9cessaire&#8230; plus 10%,<\/p>\n<\/li>\n<li>et enfin, s&rsquo;en occuper un peu \u00e0 chaque fois que l&rsquo;occasion se pr\u00e9sente.<\/li>\n<\/ul>\n<p style=\"text-align: justify;\"><span lang=\"fr-CA\">Ce dimanche, <strong>20 septembre 2015<\/strong>, une telle occasion s\u2019est pr\u00e9sent\u00e9e pour tous ceux qui pouvaient y participer, dans le projet<\/span><span lang=\"fr-CA\"> des Jardins du Mondrain\u00a0<\/span><span lang=\"fr-CA\">: c\u2019\u00e9tait la premi\u00e8re visite en groupe de ce grand site de 22 hectares dont notre association deviendra bient\u00f4t propri\u00e9taire.<\/span><\/p>\n<p style=\"text-align: justify;\"><a href=\"https:\/\/www.lesjardinsdumondrain.com\/wp-content\/uploads\/2015\/12\/Premi\u00e8re-visite-du-site.jpg\" rel=\"attachment wp-att-168\"><img loading=\"lazy\" decoding=\"async\" class=\"aligncenter wp-image-168 size-full\" src=\"https:\/\/lesjardinsdumondrain.com\/wp-content\/uploads\/2015\/12\/Premi\u00e8re-visite-du-site.jpg\" alt=\"Premi\u00e8re visite du site\" width=\"1170\" height=\"696\" srcset=\"https:\/\/lesjardinsdumondrain.com\/wp-content\/uploads\/2015\/12\/Premi\u00e8re-visite-du-site.jpg 1170w, https:\/\/lesjardinsdumondrain.com\/wp-content\/uploads\/2015\/12\/Premi\u00e8re-visite-du-site-600x357.jpg 600w, https:\/\/lesjardinsdumondrain.com\/wp-content\/uploads\/2015\/12\/Premi\u00e8re-visite-du-site-768x457.jpg 768w, https:\/\/lesjardinsdumondrain.com\/wp-content\/uploads\/2015\/12\/Premi\u00e8re-visite-du-site-1024x609.jpg 1024w\" sizes=\"auto, (max-width: 1170px) 100vw, 1170px\" \/><\/a><\/p>\n<p><span lang=\"fr-CA\" style=\"color: #000000;\">Quel agr\u00e9able moment nous avons v\u00e9cu l\u00e0!&#8230; \u00c0 rendre jaloux tous nos membres qui, pour toutes sortes de bonnes raisons, n&rsquo;\u00e9taient pas de l&rsquo;exp\u00e9dition.<\/span><\/p>\n<p style=\"text-align: justify;\"><span style=\"color: #000000;\"><span lang=\"fr-CA\">C\u2019est Pierre-Paul (C\u00f4t\u00e9)<\/span><span lang=\"fr-CA\"> qui, avec le souci de la pr\u00e9cision et la simplicit\u00e9 du contact qu\u2019on lui conna\u00eet, a pr\u00e9par\u00e9 et formidablement guid\u00e9 cette visite d\u2019un peu plus de deux heures.<\/span><\/span><\/p>\n<p lang=\"fr-CA\" style=\"text-align: justify;\"><span style=\"color: #000000;\">Un vrai et ravissant moment de d\u00e9tente et de convivialit\u00e9 entre tous les participants sans exception, en plus d\u2019une bonne addition d\u2019int\u00e9r\u00eat pour tous \u00e0 participer aux d\u00e9cisions importantes que nous aurons \u00e0 prendre lors d\u2019une tr\u00e8s prochaine assembl\u00e9e g\u00e9n\u00e9rale.<\/span><\/p>\n<p lang=\"fr-CA\" style=\"text-align: justify;\"><span style=\"color: #000000;\">Comment passer sous silence que la nature elle-m\u00eame s\u2019est m\u00eal\u00e9e de nous faire des clins d\u2019\u0153il complices au cours de cette visite\u00a0:<\/span><\/p>\n<ul>\n<li>\n<p lang=\"fr-CA\" style=\"text-align: justify;\">Il devait y avoir un peu de pluie ? Pas une goutte\u2026 Un soleil radieux plut\u00f4t, et une petite fra\u00eecheur de bon aloi, juste ce qu\u2019il nous fallait. <a href=\"https:\/\/www.lesjardinsdumondrain.com\/wp-content\/uploads\/2015\/12\/Premi\u00e8re-visite-du-site-2-1.jpg\" rel=\"attachment wp-att-177\"><img loading=\"lazy\" decoding=\"async\" class=\"aligncenter wp-image-177 size-full\" src=\"https:\/\/lesjardinsdumondrain.com\/wp-content\/uploads\/2015\/12\/Premi\u00e8re-visite-du-site-2-1.jpg\" alt=\"Premi\u00e8re visite du site (2)\" width=\"2848\" height=\"1788\" srcset=\"https:\/\/lesjardinsdumondrain.com\/wp-content\/uploads\/2015\/12\/Premi\u00e8re-visite-du-site-2-1.jpg 2848w, https:\/\/lesjardinsdumondrain.com\/wp-content\/uploads\/2015\/12\/Premi\u00e8re-visite-du-site-2-1-2000x1256.jpg 2000w\" sizes=\"auto, (max-width: 2848px) 100vw, 2848px\" \/><\/a><\/p>\n<\/li>\n<li>\n<p lang=\"fr-CA\">Une belle grosse perdrix qui nous regardait aller&#8230; \u00a0et qui avait l\u2019air de la trouver formidable, notre id\u00e9e des\u00a0<em>Jardins du Mondrain<\/em>.<a href=\"https:\/\/www.lesjardinsdumondrain.com\/wp-content\/uploads\/2015\/12\/Une-belle-perdrix.png\" rel=\"attachment wp-att-169\"><img loading=\"lazy\" decoding=\"async\" class=\"aligncenter wp-image-169 size-full\" src=\"https:\/\/lesjardinsdumondrain.com\/wp-content\/uploads\/2015\/12\/Une-belle-perdrix.png\" alt=\"Une belle perdrix\" width=\"1056\" height=\"709\" srcset=\"https:\/\/lesjardinsdumondrain.com\/wp-content\/uploads\/2015\/12\/Une-belle-perdrix.png 1056w, https:\/\/lesjardinsdumondrain.com\/wp-content\/uploads\/2015\/12\/Une-belle-perdrix-596x400.png 596w, https:\/\/lesjardinsdumondrain.com\/wp-content\/uploads\/2015\/12\/Une-belle-perdrix-768x516.png 768w, https:\/\/lesjardinsdumondrain.com\/wp-content\/uploads\/2015\/12\/Une-belle-perdrix-1024x688.png 1024w\" sizes=\"auto, (max-width: 1056px) 100vw, 1056px\" \/><\/a><\/p>\n<\/li>\n<\/ul>\n<ul>\n<li>\n<p style=\"text-align: justify;\"><span lang=\"fr-CA\">Et juste \u00e0 la fin de la visite, un tout jeune arbre rempli de pommettes d\u00e9licieuses qui semblaient s\u2019offrir en cadeaux d\u2019au revoir \u00e0 celles et ceux qui \u00e9taient venus manifester leur souci pour le site et sa protection.<a href=\"https:\/\/www.lesjardinsdumondrain.com\/wp-content\/uploads\/2015\/12\/Premi\u00e8re-visite-du-site-3.jpg\" rel=\"attachment wp-att-166\"><img loading=\"lazy\" decoding=\"async\" class=\"aligncenter wp-image-166 size-full\" src=\"https:\/\/lesjardinsdumondrain.com\/wp-content\/uploads\/2015\/12\/Premi\u00e8re-visite-du-site-3.jpg\" alt=\"Premi\u00e8re visite du site (3)\" width=\"3456\" height=\"2304\" srcset=\"https:\/\/lesjardinsdumondrain.com\/wp-content\/uploads\/2015\/12\/Premi\u00e8re-visite-du-site-3.jpg 3456w, https:\/\/lesjardinsdumondrain.com\/wp-content\/uploads\/2015\/12\/Premi\u00e8re-visite-du-site-3-600x400.jpg 600w, https:\/\/lesjardinsdumondrain.com\/wp-content\/uploads\/2015\/12\/Premi\u00e8re-visite-du-site-3-768x512.jpg 768w, https:\/\/lesjardinsdumondrain.com\/wp-content\/uploads\/2015\/12\/Premi\u00e8re-visite-du-site-3-1024x683.jpg 1024w\" sizes=\"auto, (max-width: 3456px) 100vw, 3456px\" \/><\/a><\/span><\/p>\n<\/li>\n<li>\n<p lang=\"fr-CA\" style=\"text-align: justify;\">Et que dire de ce superbe nid de gu\u00eapes magnifiquement conserv\u00e9 ? Impressionnant et convaincant exemple de ce qu&rsquo;une\u00a0association peut arriver \u00e0 produire\u00a0par un travail humble,\u00a0pers\u00e9v\u00e9rant\u00a0et bien concert\u00e9.<a href=\"http:\/\/www.lesjardinsdumondrain.com\/wp-content\/uploads\/2015\/12\/Premi\u00e8re-visite-du-site-4.jpg\" rel=\"attachment wp-att-167\"><img loading=\"lazy\" decoding=\"async\" class=\"aligncenter size-full wp-image-167\" src=\"http:\/\/www.lesjardinsdumondrain.com\/wp-content\/uploads\/2015\/12\/Premi\u00e8re-visite-du-site-4.jpg\" alt=\"Premi\u00e8re visite du site (4)\" width=\"3456\" height=\"2304\" srcset=\"https:\/\/lesjardinsdumondrain.com\/wp-content\/uploads\/2015\/12\/Premi\u00e8re-visite-du-site-4.jpg 3456w, https:\/\/lesjardinsdumondrain.com\/wp-content\/uploads\/2015\/12\/Premi\u00e8re-visite-du-site-4-600x400.jpg 600w, https:\/\/lesjardinsdumondrain.com\/wp-content\/uploads\/2015\/12\/Premi\u00e8re-visite-du-site-4-768x512.jpg 768w, https:\/\/lesjardinsdumondrain.com\/wp-content\/uploads\/2015\/12\/Premi\u00e8re-visite-du-site-4-1024x683.jpg 1024w\" sizes=\"auto, (max-width: 3456px) 100vw, 3456px\" \/><\/a><\/p>\n<\/li>\n<\/ul>\n<p class=\"western\" lang=\"fr-CA\" style=\"text-align: justify;\"><strong>En conclusion<\/strong>, tout \u00e7a\u00a0est une\u00a0preuve que votre int\u00e9r\u00eat pers\u00e9v\u00e9rant et fid\u00e8le, de m\u00eame que chacun des gestes que vous posez pour le manifester en tant que membres des <em>Jardins du Mondrain<\/em>, constituent\u00a0le plus formidable carburant que vous puissiez offrir \u00e0 ceux que vous d\u00e9signez pour coordonner le travail.<\/p>\n<h3 lang=\"fr-CA\" style=\"text-align: center;\">\u00ab Tous ensemble, nous avons joyeusement fait le plein dimanche. \u00bb<\/h3>\n<p class=\"western\" lang=\"fr-CA\">\u00a0De la part de votre bureau de direction,<\/p>\n<p class=\"western\" lang=\"fr-CA\"><span style=\"font-size: large;\"><i>Bravo et merci \u00e0 tous !<\/i><\/span><\/p>\n<p>&nbsp;<\/p>\n","protected":false},"excerpt":{"rendered":"<p>Visite\u00a0du futur site des Jardins du Mondrain C&rsquo;est bien connu,\u00a0pour qu\u2019un projet devienne r\u00e9alit\u00e9, il faut\u00a0 : d&rsquo;abord commencer par lui faire une vraie place dans nos r\u00eaves, puis l\u2019arroser de notre optimisme aussi souvent que n\u00e9cessaire&#8230; plus 10%, et &hellip; <a href=\"https:\/\/lesjardinsdumondrain.com\/?page_id=144\">Continuer la lecture <span class=\"meta-nav\">&rarr;<\/span><\/a><\/p>\n","protected":false},"author":1,"featured_media":0,"parent":0,"menu_order":0,"comment_status":"closed","ping_status":"closed","template":"","meta":{"footnotes":""},"class_list":["post-144","page","type-page","status-publish","hentry"],"jetpack_sharing_enabled":true,"_links":{"self":[{"href":"https:\/\/lesjardinsdumondrain.com\/index.php?rest_route=\/wp\/v2\/pages\/144","targetHints":{"allow":["GET"]}}],"collection":[{"href":"https:\/\/lesjardinsdumondrain.com\/index.php?rest_route=\/wp\/v2\/pages"}],"about":[{"href":"https:\/\/lesjardinsdumondrain.com\/index.php?rest_route=\/wp\/v2\/types\/page"}],"author":[{"embeddable":true,"href":"https:\/\/lesjardinsdumondrain.com\/index.php?rest_route=\/wp\/v2\/users\/1"}],"replies":[{"embeddable":true,"href":"https:\/\/lesjardinsdumondrain.com\/index.php?rest_route=%2Fwp%2Fv2%2Fcomments&post=144"}],"version-history":[{"count":11,"href":"https:\/\/lesjardinsdumondrain.com\/index.php?rest_route=\/wp\/v2\/pages\/144\/revisions"}],"predecessor-version":[{"id":1734,"href":"https:\/\/lesjardinsdumondrain.com\/index.php?rest_route=\/wp\/v2\/pages\/144\/revisions\/1734"}],"wp:attachment":[{"href":"https:\/\/lesjardinsdumondrain.com\/index.php?rest_route=%2Fwp%2Fv2%2Fmedia&parent=144"}],"curies":[{"name":"wp","href":"https:\/\/api.w.org\/{rel}","templated":true}]}}

<p><span style="color: #000000;"><strong><span style="font-size: large;">Visite du futur site </span><span style="font-family: Verdana;"><span style="font-size: large;"><span lang="fr-CA">des Jardins du Mondrain</span></span></span></strong></span></p>
<p class="western" lang="fr-CA">C&rsquo;est bien connu, pour qu’un projet devienne réalité, il faut  :</p>
<ul>
<li>
<p class="western" lang="fr-CA">d&rsquo;abord commencer par lui faire une vraie place dans nos rêves,</p>
</li>
<li>
<p class="western" lang="fr-CA">puis l’arroser de notre optimisme aussi souvent que nécessaire&#8230; plus 10%,</p>
</li>
<li>et enfin, s&rsquo;en occuper un peu à chaque fois que l&rsquo;occasion se présente.</li>
</ul>
<p style="text-align: justify;"><span lang="fr-CA">Ce dimanche, <strong>20 septembre 2015</strong>, une telle occasion s’est présentée pour tous ceux qui pouvaient y participer, dans le projet</span><span lang="fr-CA"> des Jardins du Mondrain </span><span lang="fr-CA">: c’était la première visite en groupe de ce grand site de 22 hectares dont notre association deviendra bientôt propriétaire.</span></p>
<p style="text-align: justify;"><a href="https://www.lesjardinsdumondrain.com/wp-content/uploads/2015/12/Première-visite-du-site.jpg" rel="attachment wp-att-168"><img loading="lazy" decoding="async" class="aligncenter wp-image-168 size-full" src="https://lesjardinsdumondrain.com/wp-content/uploads/2015/12/Première-visite-du-site.jpg" alt="Première visite du site" width="1170" height="696" srcset="https://lesjardinsdumondrain.com/wp-content/uploads/2015/12/Première-visite-du-site.jpg 1170w, https://lesjardinsdumondrain.com/wp-content/uploads/2015/12/Première-visite-du-site-600x357.jpg 600w, https://lesjardinsdumondrain.com/wp-content/uploads/2015/12/Première-visite-du-site-768x457.jpg 768w, https://lesjardinsdumondrain.com/wp-content/uploads/2015/12/Première-visite-du-site-1024x609.jpg 1024w" sizes="auto, (max-width: 1170px) 100vw, 1170px" /></a></p>
<p><span lang="fr-CA" style="color: #000000;">Quel agréable moment nous avons vécu là!&#8230; À rendre jaloux tous nos membres qui, pour toutes sortes de bonnes raisons, n&rsquo;étaient pas de l&rsquo;expédition.</span></p>
<p style="text-align: justify;"><span style="color: #000000;"><span lang="fr-CA">C’est Pierre-Paul (Côté)</span><span lang="fr-CA"> qui, avec le souci de la précision et la simplicité du contact qu’on lui connaît, a préparé et formidablement guidé cette visite d’un peu plus de deux heures.</span></span></p>
<p lang="fr-CA" style="text-align: justify;"><span style="color: #000000;">Un vrai et ravissant moment de détente et de convivialité entre tous les participants sans exception, en plus d’une bonne addition d’intérêt pour tous à participer aux décisions importantes que nous aurons à prendre lors d’une très prochaine assemblée générale.</span></p>
<p lang="fr-CA" style="text-align: justify;"><span style="color: #000000;">Comment passer sous silence que la nature elle-même s’est mêlée de nous faire des clins d’œil complices au cours de cette visite :</span></p>
<ul>
<li>
<p lang="fr-CA" style="text-align: justify;">Il devait y avoir un peu de pluie ? Pas une goutte… Un soleil radieux plutôt, et une petite fraîcheur de bon aloi, juste ce qu’il nous fallait. <a href="https://www.lesjardinsdumondrain.com/wp-content/uploads/2015/12/Première-visite-du-site-2-1.jpg" rel="attachment wp-att-177"><img loading="lazy" decoding="async" class="aligncenter wp-image-177 size-full" src="https://lesjardinsdumondrain.com/wp-content/uploads/2015/12/Première-visite-du-site-2-1.jpg" alt="Première visite du site (2)" width="2848" height="1788" srcset="https://lesjardinsdumondrain.com/wp-content/uploads/2015/12/Première-visite-du-site-2-1.jpg 2848w, https://lesjardinsdumondrain.com/wp-content/uploads/2015/12/Première-visite-du-site-2-1-2000x1256.jpg 2000w" sizes="auto, (max-width: 2848px) 100vw, 2848px" /></a></p>
</li>
<li>
<p lang="fr-CA">Une belle grosse perdrix qui nous regardait aller&#8230;  et qui avait l’air de la trouver formidable, notre idée des <em>Jardins du Mondrain</em>.<a href="https://www.lesjardinsdumondrain.com/wp-content/uploads/2015/12/Une-belle-perdrix.png" rel="attachment wp-att-169"><img loading="lazy" decoding="async" class="aligncenter wp-image-169 size-full" src="https://lesjardinsdumondrain.com/wp-content/uploads/2015/12/Une-belle-perdrix.png" alt="Une belle perdrix" width="1056" height="709" srcset="https://lesjardinsdumondrain.com/wp-content/uploads/2015/12/Une-belle-perdrix.png 1056w, https://lesjardinsdumondrain.com/wp-content/uploads/2015/12/Une-belle-perdrix-596x400.png 596w, https://lesjardinsdumondrain.com/wp-content/uploads/2015/12/Une-belle-perdrix-768x516.png 768w, https://lesjardinsdumondrain.com/wp-content/uploads/2015/12/Une-belle-perdrix-1024x688.png 1024w" sizes="auto, (max-width: 1056px) 100vw, 1056px" /></a></p>
</li>
</ul>
<ul>
<li>
<p style="text-align: justify;"><span lang="fr-CA">Et juste à la fin de la visite, un tout jeune arbre rempli de pommettes délicieuses qui semblaient s’offrir en cadeaux d’au revoir à celles et ceux qui étaient venus manifester leur souci pour le site et sa protection.<a href="https://www.lesjardinsdumondrain.com/wp-content/uploads/2015/12/Première-visite-du-site-3.jpg" rel="attachment wp-att-166"><img loading="lazy" decoding="async" class="aligncenter wp-image-166 size-full" src="https://lesjardinsdumondrain.com/wp-content/uploads/2015/12/Première-visite-du-site-3.jpg" alt="Première visite du site (3)" width="3456" height="2304" srcset="https://lesjardinsdumondrain.com/wp-content/uploads/2015/12/Première-visite-du-site-3.jpg 3456w, https://lesjardinsdumondrain.com/wp-content/uploads/2015/12/Première-visite-du-site-3-600x400.jpg 600w, https://lesjardinsdumondrain.com/wp-content/uploads/2015/12/Première-visite-du-site-3-768x512.jpg 768w, https://lesjardinsdumondrain.com/wp-content/uploads/2015/12/Première-visite-du-site-3-1024x683.jpg 1024w" sizes="auto, (max-width: 3456px) 100vw, 3456px" /></a></span></p>
</li>
<li>
<p lang="fr-CA" style="text-align: justify;">Et que dire de ce superbe nid de guêpes magnifiquement conservé ? Impressionnant et convaincant exemple de ce qu&rsquo;une association peut arriver à produire par un travail humble, persévérant et bien concerté.<a href="http://www.lesjardinsdumondrain.com/wp-content/uploads/2015/12/Première-visite-du-site-4.jpg" rel="attachment wp-att-167"><img loading="lazy" decoding="async" class="aligncenter size-full wp-image-167" src="http://www.lesjardinsdumondrain.com/wp-content/uploads/2015/12/Première-visite-du-site-4.jpg" alt="Première visite du site (4)" width="3456" height="2304" srcset="https://lesjardinsdumondrain.com/wp-content/uploads/2015/12/Première-visite-du-site-4.jpg 3456w, https://lesjardinsdumondrain.com/wp-content/uploads/2015/12/Première-visite-du-site-4-600x400.jpg 600w, https://lesjardinsdumondrain.com/wp-content/uploads/2015/12/Première-visite-du-site-4-768x512.jpg 768w, https://lesjardinsdumondrain.com/wp-content/uploads/2015/12/Première-visite-du-site-4-1024x683.jpg 1024w" sizes="auto, (max-width: 3456px) 100vw, 3456px" /></a></p>
</li>
</ul>
<p class="western" lang="fr-CA" style="text-align: justify;"><strong>En conclusion</strong>, tout ça est une preuve que votre intérêt persévérant et fidèle, de même que chacun des gestes que vous posez pour le manifester en tant que membres des <em>Jardins du Mondrain</em>, constituent le plus formidable carburant que vous puissiez offrir à ceux que vous désignez pour coordonner le travail.</p>
<h3 lang="fr-CA" style="text-align: center;">« Tous ensemble, nous avons joyeusement fait le plein dimanche. »</h3>
<p class="western" lang="fr-CA"> De la part de votre bureau de direction,</p>
<p class="western" lang="fr-CA"><span style="font-size: large;"><i>Bravo et merci à tous !</i></span></p>
<p>&nbsp;</p>

<p>Visite du futur site des Jardins du Mondrain C&rsquo;est bien connu, pour qu’un projet devienne réalité, il faut  : d&rsquo;abord commencer par lui faire une vraie place dans nos rêves, puis l’arroser de notre optimisme aussi souvent que nécessaire&#8230; plus 10%, et &hellip; <a href="https://lesjardinsdumondrain.com/?page_id=144">Continuer la lecture <span class="meta-nav">&rarr;</span></a></p>
